 -3*a - a. Let g(l) = -l**2 + l + 14. What is g(a)?
14
Let r(a) = -6*a + 3. Let v(h) = -h. Let d(y) = r(y) - 5*v(y). Suppose 0 = -2*u + 3 - 1. Let z be 4 - (-2 - -1)*u. Determine d(z).
-2
Let j be (-4)/8*-6 - -2. Let l(w) = -4*w + 0 - 2 + j*w. Determine l(1).
-1
Suppose 5*u = 2*t + 4, -4*u + 3*t = -12 + 6. Let d(a) = a**2 - a + 5. Give d(u).
5
Let h(s) = s**3 + 10*s**2 + 9*s + 3. Let w be h(-9). Suppose 3*c = 3*x + w, -x = -c + 3*c - 17. Let z(a) = a**3 - 6*a**2. What is z(c)?
0
Let t(s) = -3*s + 6. Suppose 5*z = -3*f - 18, -3*z - 2*f - 1 - 9 = 0. Calculate t(z).
24
Let b(v) = -9*v**2 + 0*v + 4*v**2 + 4*v**2 - 4*v + 9. What is b(-7)?
-12
Let x be ((-4)/5)/(8/20). Let g(t) = -5*t + 2. Calculate g(x).
12
Let y(n) be the first derivative of n**4/4 + 3*n**3 - 5*n**2 - 5*n + 56. Give y(-10).
-5
Let m be 1 - (-183)/180 - 2. Let c(i) be the third derivative of 0*i - 3*i**2 - 1/2*i**3 - m*i**5 + 0 + 1/24*i**4. Calculate c(0).
-3
Let t(j) = 475 - 475 + 4*j**2 + j**3 - 7*j. Calculate t(-5).
10
Let y(j) be the first derivative of j**4/4 + 2*j**3 + j**2/2 + j + 14. What is y(-6)?
-5
Let z = -12/17 - -157/102. Let g(m) be the second derivative of 0 + 2*m**2 + 1/2*m**4 + 1/20*m**5 - 3*m + z*m**3. Calculate g(-5).
4
Let d(c) be the third derivative of -c**4/24 - 5*c**3/6 - 2*c**2. Give d(-4).
-1
Let z(m) be the first derivative of 5*m**4/24 - m**3/6 - m**2/2 - 2. Let a(u) be the second derivative of z(u). Let r be 2 + 2*-1 + 1. What is a(r)?
4
Let o(m) = 2*m**2 + 7*m + 5. Let s(u) = u**2 + 3*u + 2. Let w(q) = -4*o(q) + 7*s(q). Give w(-6).
0
Let h(i) be the first derivative of 2 + 1/2*i**3 + 1/8*i**4 + 1/30*i**5 - i**2 + 0*i. Let u(v) be the second derivative of h(v). Calculate u(-2).
5
Let l be 2*3/6 - -2. Let t be (1 + 2)*(l + -1). Let o(s) = -s**3 + 5*s**2 + 6*s - 3. What is o(t)?
-3
Let w(v) = -4*v + 12 + 5*v - 8. Determine w(0).
4
Let b(w) = w**2 - 6*w - 2. Suppose -4 = 5*i - i. Let g = i + 6. What is b(g)?
-7
Let d be (-2)/3 - 93/9. Let l(p) = -p**3 - 12*p**2 - 10*p + 5. Let i be l(d). Let y(o) = o**3 + 5*o**2 - 6*o - 3. Give y(i).
-3
Let p(j) = -j**2 + 4*j + 1. Let n(i) = -i**2 + i + 1. Let s(w) = 2*n(w) - p(w). Give s(1).
-2
Let b(n) = n**3 - 4*n**2 + 4*n - 1. Let w(r) = r**2 - 2*r - 12. Let j be w(5). Determine b(j).
2
Let y(c) = -c**2 + 8. Let x = 1 + -1. Let v be y(x). Let m(i) = 0*i + i - 2*i + v. Calculate m(0).
8
Suppose 0*j - 5*j + 8 = 3*z, z + 2*j = 2. Let l(t) = 2*t - 3. Give l(z).
9
Let c(f) = -f**3 + 2 - 1 - 5*f - 3*f**2 - 2*f**2. Calculate c(-4).
5
Let x(y) = -y**2 - 4*y - 1. Let t be (-10)/(4 + -1 - 1). Give x(t).
-6
Let s(i) = 6 + i - 2 + 2 - 7. Let a = 6 + -4. Determine s(a).
1
Let n(v) be the third derivative of 0 + 1/12*v**4 + 0*v + 1/3*v**3 - 3*v**2. Let j = 4 + -7. Determine n(j).
-4
Let c(j) = 2*j**2 - j + 1. Let t be c(1). Suppose -q = t*m - 4*q - 16, -2*m = q. Let d(k) = -k - m*k - 2 + 3 + 4*k. Give d(-1).
0
Let r = -74 - -35. Let a be 5*(r/(-15) + -2). Let m(l) = l**3 - 4*l**2 + l + 4. What is m(a)?
-2
Let o = 2 - 2. Let c(i) = o + i**2 + i**2 + 1. Let r(p) = 2*p - 25. Let s be r(13). Give c(s).
3
Suppose -h = 2*h. Let g(m) = 2*m**2 - 2. Let j be g(2). Let f(i) = i + j + 0 - 2. What is f(h)?
4
Let m(q) be the first derivative of q**6/60 - q**5/15 - q**4/24 - q**3/6 - 7*q**2/2 - 6. Let k(r) be the second derivative of m(r). Calculate k(3).
14
Let b be (2 - 6/4)*10. Suppose 8 + 7 = b*h. Let l(w) = -w**3 + 4*w**2 - 1. Determine l(h).
8
Let a(l) = -l**3 - 3*l**2 - 3*l - 1. Let u be a(-2). Let t(s) = -3 + s**2 - 2 + u + 0 - 4*s. What is t(6)?
8
Let m(y) = -6*y - 11 + 7*y - 3*y + y. Calculate m(-9).
-2
Let d = -8 + 6. Let y be ((-3)/d)/(5/(-10)). Let w(x) = -x - 4. Calculate w(y).
-1
Let b(i) = i - 2. Let n be (-225)/(-36) + (-2)/8. Calculate b(n).
4
Let i(z) be the second derivative of z**3 + 3*z**2/2 + 14*z. Calculate i(-2).
-9
Let t(y) = 2*y + 5. Let i(n) = -8*n - 24. Let a(k) = 5*i(k) + 24*t(k). Let u(j) = -j**2 - 3*j + 3. Let w be u(-4). Calculate a(w).
-8
Let h(f) = f**3 - 6*f**2 + 4*f + 6. Suppose -15 = -7*p + 4*p. Determine h(p).
1
Let u(q) = q**3 - 5*q**2 + 5*q - 2. Let n be u(3). Let a(f) = -f**3 - 6*f**2 - 2*f + 6. What is a(n)?
-9
Let z(q) = q**2 - q - 10. Let o(d) = d**2 + 11*d + 10. Let g be 10*(-2 - -4 - 3). Let h be o(g). Calculate z(h).
-10
Let s = -2 - -19. Let j = 24 - s. Let y(x) = -x**2 + 6*x - 3. Calculate y(j).
-10
Let a(m) = m**2 - 8*m + 10. Let l be a(5). Let q(f) = -f**3 - 6*f**2 - 6*f - 6. Calculate q(l).
-1
Let s(a) = a**2 + 5*a - 4. Let j be (-2)/(0 - (-6)/15). Calculate s(j).
-4
Let g(j) = 3*j**2 + 3*j + 3. Let z be (-8)/6*(-9)/(-6). What is g(z)?
9
Let g = 52 - 53. Let y(m) = -18*m + 1. Give y(g).
19
Let v(l) be the third derivative of -l**4/24 - l**3/6 - 5*l**2. Give v(-5).
4
Let w(x) = -38*x + 4*x - x. Let q(b) = -3*b. Let y(f) = -49*q(f) + 4*w(f). Let c(l) = 6*l. Let h(t) = 5*c(t) - 4*y(t). What is h(-1)?
-2
Let s(j) = 1 - 2*j + 0*j + 2*j + 2*j. Let v be s(1). Let l(h) = -h**2 + 4*h - 2. What is l(v)?
1
Let a(i) = i. Let b(g) = -g. Let v(h) = -6*a(h) - 5*b(h). Suppose 3*s + 2*t - 7 + 0 = 0, 2*s - t - 14 = 0. Determine v(s).
-5
Let i(v) = -5*v + v - 2*v**2 + 3*v**2 + 2 - 2*v**2. What is i(-4)?
2
Let u(v) = -v + 1. Let z be u(-4). Suppose -z*q + 2 = -3. Let d(i) = 2*i + 2*i**3 + q - 3*i**3 - i. Determine d(0).
1
Let d(i) = i**2 + 3*i - 2. Let q(s) = 2*s**2 + 6*s - 5. Let a(f) = -7*d(f) + 3*q(f). What is a(-2)?
1
Let d(g) = g**3 + 6*g**2 - 2*g - 6. Let o(h) = -h**3 - 5*h**2 - h + 6. Let b be o(-4). Give d(b).
6
Let p(a) = a**2. Let d(w) = w**3 - 3*w**2 + w. Let x(h) = d(h) + 4*p(h). Let v(q) = -q**3 + 2*q**2 + 3*q - 1. Let i be v(3). What is x(i)?
-1
Let v(t) = 4*t**2 - t. Let y(n) = -n**3 - 6*n**2 + 6*n - 6. Let a be y(-7). Determine v(a).
3
Let l(m) = m**3 + 2*m**2 - 2*m. Let b be (2 - 9/6)*-4. Determine l(b).
4
Let l(z) = -z + 1. Let n(d) = d. Let w(u) = 5*u - 3. Let g(q) = -3*n(q) + w(q). Let p(k) = -6*g(k) - 13*l(k). Give p(-5).
0
Let p = -8 - -7. Let c = p + 6. Let u(m) = m + m + c + m. Calculate u(-5).
-10
Let h(a) be the first derivative of 1/2*a**2 + 2 - 1/6*a**3 + 3*a. Let d(k) be the first derivative of h(k). Determine d(-4).
5
Suppose 0 = -g + 8 - 3. Let i be 4 - 0*1/(-2). Let u(k) = 3 - 4 + i - 5*k + k**2. Calculate u(g).
3
Let y(a) = 2*a - 19. Let z be y(13). Let p(c) = c**2 - 8*c + 4. Give p(z).
-3
Suppose -3*q - 15 = 5*l, 3*q + 2*q = -5*l - 15. Suppose -3*b + 7*b + 16 = q, -b = -n + 1. Let p(j) = j. What is p(n)?
-3
Let t(y) = -1 - 3 - 5*y - 2 + 5. Suppose -4*v + 6 + 0 = -2*r, 0 = 4*r - 5*v + 6. Give t(r).
-6
Let o(n) = 2*n - 2. Let u be 2 - 3 - 1/1. Determine o(u).
-6
Suppose 10 - 30 = -5*z. Suppose 2*d + 8 = -4*u, -d - z*u = 2*d + 10. Let x(o) = -2*o - 3. Give x(d).
1
Let g(z) be the first derivative of 1 - 77*z + z**2 + z**2 + 80*z. What is g(-2)?
-5
Let o(p) = -2*p**2 - p. Let f = -2 + 8. Suppose 2*n - 2*l = -n + 2, 2*l + f = n. Calculate o(n).
-6
Suppose -x + 5*u = -21, -u - 2 = -0*x + 2*x. Let p(i) = -i - 2 - 7*i**3 - 2*i**3 + i**2 + 3. Determine p(x).
-8
Let z = 10 + -8. Suppose -6*g - 4 = 2*n - z*g, -5*g = -3*n - 28. Let t(i) = i**2 + 5*i - 1. What is t(n)?
5
Let a(q) = 4*q - 1. Let l be a(1). Let m(s) be the second derivative of -1/3*s**l - 1/12*s**4 - 2*s - 1/2*s**2 + 0. Determine m(-3).
-4
Let a(h) = -h - 2. Suppose 0 = -15*t + 14*t - 4. Determine a(t).
2
Let y(k) = k + 7. Suppose 2*d + 14 = -0*d - 2*q, -5*d - 41 = 2*q. What is y(d)?
-2
Let o(q) = q + 1. Suppose -21*f = -5*f + 16. Give o(f).
0
Let b(r) = -r**3 - r**2 + 8. Suppose 4*c + 5 = z, -5*c + 6 = -2*c - 4*z. Suppose -g + 19 = -2*g + j, 4 = -g - 4*j. Let p be (-1)/c + 8/g. Calculate b(p).
8
Suppose 0 = -2*h - 3*r + 2, 5*r = -3*h + 4 - 1. Let z(n) = 15*n**2 + 8*n + 5. Let m(k) = 5*k**2 + 3*k + 2. Let c(a) = -8*m(a) + 3*z(a). Calculate c(h).
4
Let x(t) be the first derivative of -t**4/4 - 7*t**3/3 + 7*t**2/2 - 5. Give x(-8).
8
Suppose -4*h + 24 = -2*w, -5*w = -0*w + h + 5. Let z(o) = o**3 + 2*o**2 + 3*o + 3. Give z(w).
-3
Let x(o) = o**2 - 8*o + 5. Let s be x(8). Let p(n) = -n**3 - s*n**2 - 1 - 2*n + 2*n**3 + 6 + 1. Give p(5).
-4
Let p(h) be the second derivative of -h**5/20 - h**4/3 - h**3/3 + h**2 - 42*h. Suppose 0 = 2*c + 3*f + 2*f + 31, 3*c = 4*f + 11. Determine p(c).
-1
Let i(o) = 2*o**3 - 3*o**2 + 2. Let g = -23 